
Suppose 0 = -3*f + 2*f + 2. Suppose -m = -2, 3*z + f*m - 51 = -m. List the prime factors of z.
3, 5
Let t(j) = j + 7. Let b be t(-7). Suppose m + 5*c - 3 = b, -2*m + c = 3 - 9. Suppose 0 = 5*d + m*p - 46, -p - 14 = -2*d - 0*p. List the prime factors of d.
2
Let l be (-4)/14 - 46/(-14). Let i(b) = 2*b**2 - 2*b - 4. List the prime factors of i(l).
2
Let s be (2 - (-33)/(-12))*36. What are the prime factors of 21/((s/(-6))/3)?
2, 7
Let v = 26 - 8. What are the prime factors of v?
2, 3
What are the prime factors of (-20)/(-4) + ((-2)/(-2) - 1)?
5
Let z(q) = q + 7. Suppose 4*p = -3*u + 28, 27 = 5*u + 7. Suppose 2*o + p*v = -10, -8 = -3*o + v - 23. List the prime factors of z(o).
2
Suppose 4*z = k - 8, -8*z + 3*z - 5 = 0. Suppose -72 = -4*i + 5*b, 3 = 2*i + k*b - 7. What are the prime factors of i?
13
Suppose 0 = 5*m - 364 - 436. What are the prime factors of m?
2, 5
Suppose 0*a = 4*j - 3*a - 258, 3*a - 183 = -3*j. List the prime factors of j.
3, 7
Suppose -5*b = 3*f - 74, 5*b - 23 = -f + 3*b. What are the prime factors of f?
3, 11
Let h = -1 - -1. Let j = 19 + -27. List the prime factors of (h + -2)/(2/j).
2
Let q be (3/4)/(5/20). Suppose -q*v + 26 - 2 = 0. Let a = v - -3. What are the prime factors of a?
11
Let w = 6 + -4. Suppose r - 1 = -o, w*r = 6*r + 4. Suppose -19 = -o*u - j, u + 2*j + 22 = 2*u. List the prime factors of u.
2, 3
Let g = -62 + 117. List the prime factors of g.
5, 11
Suppose r - 9 = -4. Suppose 0*y + 3*y - 18 = 0. Suppose -r*h + y = -4, o - 4*h = 0. List the prime factors of o.
2
Let a(m) = m**2 + 6*m. Suppose 3*i + 25 = 2*v, 4*i + 27 = 5*v - 32. Let z = v - 18. List the prime factors of a(z).
7
Suppose -2*j = -223 + 69. List the prime factors of j.
7, 11
Let k = 8 - 2. Suppose 2*w + 12 = k*w. Suppose -w*a - 4*j - 13 = -4*a, -2*a = -2*j - 20. List the prime factors of a.
3
Let u = 8 - 3. Suppose -u*g = 3*y - 9, -3*g + 4 = y + 1. List the prime factors of y.
3
Let v = 51 + -9. List the prime factors of v.
2, 3, 7
Suppose 3*g + 3384 = 21*g. List the prime factors of g.
2, 47
Let m be -1 - 4/(12/(-15)). Suppose 0 = m*h - 24 - 36. List the prime factors of h.
3, 5
Suppose w + 3*k = 170, 0*w + 170 = w - 5*k. What are the prime factors of w?
2, 5, 17
Suppose 432 = -5*d + 9*d. What are the prime factors of d?
2, 3
Suppose k + p + 9 = -3*p, -29 = 5*k + 4*p. Let a = k - -8. Let m = a + 2. List the prime factors of m.
5
Suppose -1 = -2*d - 5. Let s = 12 + d. What are the prime factors of s?
2, 5
Let c(d) = -d**2 + 9*d + 12. Let h be (-4)/10 + (-17)/(-5). Let k = h - -6. What are the prime factors of c(k)?
2, 3
Let k(z) = z**2 - 3*z + 3. Let o(w) = 3*w + 2. Let f(h) = 2*h + 1. Let n(r) = 5*f(r) - 3*o(r). Let x(q) = k(q) + n(q). List the prime factors of x(4).
2, 5
Suppose 11 = 5*r + 1. Let i = 11 + -6. Let f = i - r. List the prime factors of f.
3
Let j be (-1 - 1) + 4 - -4. What are the prime factors of (j/(-9))/((-10)/495)?
3, 11
Suppose 3*i - 9 = -3, 0 = 3*h + i - 59. Suppose 3*g - 17 = h. List the prime factors of g.
2, 3
Let w = -72 - -155. What are the prime factors of w?
83
Let w be (5/(-10))/((-2)/24). Let f be 8 - 1/2*-6. Let v = f - w. What are the prime factors of v?
5
Suppose 3*i - 15 = -2*l, -3*i + 3*l + 6 = 2*i. Let w(p) = p**3 + 2*p**2 - 4*p - 3. Let s be w(-3). Suppose s = r + i*r - 24. What are the prime factors of r?
2, 3
Let m be -17 + (-2)/(-3 - -1). Let v = m - -34. List the prime factors of v.
2, 3
Let u = 5 + -2. Suppose 24 + 6 = u*o. What are the prime factors of o?
2, 5
Let v(q) = q**2 - 4*q - 6. List the prime factors of v(-4).
2, 13
Suppose 368 = 4*c - 0*y - 4*y, -2*c + 154 = 4*y. What are the prime factors of c?
3, 29
Suppose 711 = 4*x + 3*h, x - 3*h + 5*h - 179 = 0. List the prime factors of x.
3, 59
Let k(q) be the second derivative of q**4/12 - 2*q**3/3 + 9*q**2/2 - 7*q. What are the prime factors of k(7)?
2, 3, 5
Suppose 5 = 3*w - 1. Let c be (-1 + 0)*(13 - w). Let x = c + 19. List the prime factors of x.
2
Let a = 10 + -14. What are the prime factors of -1 + a/2 + 16?
13
Suppose 5*w - 2*k = -0*k + 216, 3*w = k + 130. List the prime factors of w.
2, 11
Let u(w) = w**3 + 2*w**2 - 3*w + 4. Suppose 4*i - 7*q = -3*q - 20, 0 = 2*i + q + 4. Let n be u(i). Suppose 11 - 67 = -n*f. What are the prime factors of f?
2, 7
Let v(b) = 2*b + 4 - 2 - b**3 - 3. Let u be v(1). Suppose 4*l - 12 = u, 4*g - 5*l + l = 12. List the prime factors of g.
2, 3
Suppose -69 = -2*j - 5. What are the prime factors of j?
2
Let i be 2 + (3 - (1 - 1)). Let q = 46 + -26. Suppose -3*g + i*g - q = 0. What are the prime factors of g?
2, 5
Suppose 5 = -y - 3. Let a = -3 - y. Suppose -5*d - a*w = -d - 76, 58 = 5*d - 3*w. What are the prime factors of d?
2, 7
Let g(v) = -14*v + 2. List the prime factors of g(-1).
2
Let y = -21 + 71. What are the prime factors of y?
2, 5
Let q = -1 - -11. Let l = q + -1. What are the prime factors of l?
3
Suppose -3*x + 5*v = -11, -2*x - 4*v - v - 1 = 0. Let q be 10 + (-1)/(-2)*2. Suppose 0*b - b + x*f = -q, 0 = -b + f + 7. List the prime factors of b.
3
List the prime factors of 20/(-3)*36/(-5).
2, 3
Let w(s) = s**3 + 6*s**2 - 3*s + 5. List the prime factors of w(-5).
3, 5
Let i = -92 + 184. List the prime factors of i.
2, 23
Let n(j) = j**2 - 2*j - 2. Let d be n(3). Let q(t) = -2*t. Let i be q(d). What are the prime factors of (9 - -1)*(-1)/i?
5
What are the prime factors of (8*14)/1 + (-9 - -12)?
5, 23
Suppose -2*w + 3*w - 2 = 0. Suppose -3*f = w*f - 10. Let t(v) = v**3 - 1. What are the prime factors of t(f)?
7
Let t be (0/5)/(2*-1). List the prime factors of (-18)/4*(-6 + t).
3
Let a = 46 + -5. List the prime factors of a.
41
Let b be (-3)/3*(-1 - 2). Let n be (-28)/(-2)*(-4 + (-45)/(-10)). Suppose -4*s + n = -b*s. What are the prime factors of s?
7
Let l = 3 - 5. Let j(s) = -3*s**2 - 19*s - 6. Let r be j(-6). Let w = r - l. List the prime factors of w.
2
Let n(h) = 3*h + 10. Let y be n(-5). Let w(g) be the third derivative of g**5/60 + g**4/4 + 7*g**3/6 + g**2. What are the prime factors of w(y)?
2
Let q = 8 + -14. Let w(n) = -n**2 - 6*n + 6. What are the prime factors of w(q)?
2, 3
Suppose -u + 12 = 2*u. Suppose k = -k + u. Suppose -k*w = -3*w - q + 13, 0 = 3*q - 12. What are the prime factors of w?
3
Suppose -6*b + 104 = -2*b. List the prime factors of b.
2, 13
Let x = 85 - -2. List the prime factors of x.
3, 29
Suppose k + 6 = -0*k. Let v be k/(-2 - 0) - 0. Suppose 0 = -3*s + v*p + 21, -4*p + 14 = 2*s - p. List the prime factors of s.
7
Let h(n) = -n**3 - 5*n**2 - 2*n + 6. Suppose -3*d + 10 = -5*d. List the prime factors of h(d).
2
Suppose 5*y + 20 = 5*o - 25, 3*y + 2*o + 22 = 0. Let z(n) = 2*n - 9 - 3*n + 3. List the prime factors of z(y).
2
Suppose -y + 4*l = l - 9, -9 = -5*y - 3*l. Suppose -p + 56 = 2*j + 12, 0 = y*j - 15. Suppose -2*k + p = -0*k. List the prime factors of k.
17
Let x = -1 + 4. What are the prime factors of (x - 3) + 20 + -1?
19
Let q(l) = 58*l**2 - 1. Let u be q(-1). Let p = u - 40. List the prime factors of p.
17
Let w be (-1295)/(-45) + 2/9. Let l = 44 - w. List the prime factors of l.
3, 5
Suppose 5*s = -3*v + 2*v + 49, 0 = 5*s - 5*v - 55. What are the prime factors of (-1)/(-1 - (-8)/s)?
5
Suppose -u + 3*u - 2*j = 130, 3*u - 195 = 2*j. What are the prime factors of u?
5, 13
Let k = -25 + -16. Let o = k - -76. What are the prime factors of o/3 - 1/(-3)?
2, 3
Suppose -5*j + 46 - 16 = 0. Let q(z) = -z**2 + 6*z + 5. Let s be q(j). Suppose -o - s + 20 = 0. List the prime factors of o.
3, 5
Let c(n) = 3*n - 2. What are the prime factors of c(9)?
5
What are the prime factors of 32/20 + -2 + 112/5?
2, 11
Let p = 10 - 10. Let f = p - -3. Suppose c - f*c - 2*w = -40, 3*c + w - 62 = 0. What are the prime factors of c?
3, 7
Suppose 3 = a - 0. Suppose -a*z + 40 = z. List the prime factors of z.
2, 5
Let i = 349 - 25. What are the prime factors of i?
2, 3
Let v be 2/13 + 7175/91. Let x = v - 41. List the prime factors of x.
2, 19
Suppose -3 = -4*o + 5*o. Suppose -20 = 5*v + 25. Let b = o - v. List the prime factors of b.
2, 3
Let d(f) = -22*f + 3. What are the prime factors of d(-1)?
5
Let c(u) = -5*u - 1. Let f(s) = -s + 1. Let m(l) = -c(l) + 4*f(l). Let w be 0*1/(-9)*-3. What are the prime factors of m(w)?
5
Let c(h) = h**2 - 5*h + 6. Let k(n) = -n**3 + 5*n**2 - n - 5. Let q be k(3). Wha